 Calculate the highest common divisor of 9 and p.
9
Let l be ((-3665)/(-10) - -2) + 13/(-26). Calculate the greatest common factor of 299 and l.
23
Let h = 71 - -163. Calculate the greatest common divisor of h and 858.
78
Suppose p = -f, 6 = -16*f + 18*f - 4*p. What is the highest common divisor of f and 3?
1
Let b = 1582 - 999. What is the greatest common divisor of 22 and b?
11
Let i be (-20)/(-7) + 5/35. Let b be i - 5/((-15)/(-6)). Let o be (1 + b)/((-12)/(-66)). Calculate the highest common divisor of o and 121.
11
Let n be 2 + -1*29 - (-8 - -11). Let g be 3*(-8)/n*45/2. Calculate the highest common factor of g and 126.
18
Let z = 79 - 53. Let n = 92 - 133. Let y = n - -80. Calculate the highest common divisor of y and z.
13
Let w be (10/10)/(0 - 1)*14. Let l be (12/w)/((-6)/112). What is the highest common factor of 256 and l?
16
Let f(k) = -k**3 + 7*k**2 + k - 5. Let t be f(7). Suppose -45 + 17 = -4*a. Suppose -t*q = -1 - a. What is the highest common divisor of q and 4?
4
Let t = 78 + 27. Calculate the highest common divisor of 45 and t.
15
Suppose t + 17 = j, -7*j = -4*j - 2*t - 48. Calculate the greatest common factor of 26 and j.
2
Suppose 5*g - 1610 = 5*d, 0*g - 2*d = 4*g - 1270. Let a = g + -169. Let j = -60 + a. Calculate the highest common factor of j and 30.
30
Suppose -2*z = 20*a - 16*a - 106, -4*a + 2*z + 110 = 0. What is the greatest common factor of 153 and a?
9
Let w be (20 - 1) + 1*2. Suppose u + l - 3*l = 29, -4*u + 112 = -4*l. Let r be 396/u + 4/(-6). Calculate the highest common divisor of r and w.
7
Let n be (16/(-24))/((-10)/135). What is the highest common divisor of 1953 and n?
9
Suppose -6*k = -0*k - 228. Suppose 53 = b + d, -k = -b - d + 3*d. What is the greatest common factor of b and 72?
24
Let m(s) = -s**2 - 15*s + 22. Let r be m(-10). Suppose 96 = 2*n + 2*n + v, -v + r = 3*n. Calculate the highest common factor of 60 and n.
12
Let x be ((-8)/(-5))/(1/5). Let g(i) = i + 7. Let z be g(5). What is the greatest common divisor of z and x?
4
Let i be 2/(4 - 0)*0. Let f be i - (-5)/((-10)/(-4)). Suppose -3*v - 9 = 2*m - 80, 0 = 3*m - f*v - 126. What is the highest common factor of 10 and m?
10
Let t be (31/((-620)/24))/((-1)/15). Calculate the highest common factor of t and 1152.
18
Let v = 3017 - 947. Calculate the greatest common divisor of 45 and v.
45
Let i = -104 + 144. Suppose -3*o - 2 = 5*f + 8, -5*f - 10 = 0. Let a be (2 - o)*(1 + 49). What is the highest common factor of a and i?
20
Let k be 10/((-34)/(-289) - 26/(-68)). Calculate the greatest common factor of k and 16.
4
Suppose -4*b + 4*r - 3*r + 297 = 0, -5*b + 390 = 5*r. Calculate the highest common factor of 165 and b.
15
Suppose 2899 = 8*h + 995. Calculate the greatest common divisor of h and 14.
14
Let w(p) = -11*p + 196. Let u be w(16). What is the highest common divisor of u and 65?
5
Let d = 752 + -710. Calculate the greatest common factor of d and 882.
42
Let b(j) = -1. Let c(k) = k - 1. Let p(r) = 5*b(r) - c(r). Let d be p(-7). Suppose -4*o + d*o = -88. Calculate the greatest common factor of o and 11.
11
Suppose -33*o + 4128 = -360. Calculate the highest common divisor of 119 and o.
17
Suppose q = 3*q - 3*u - 65, 4*u = -4*q + 120. Let n = q - 22. Let k = n - -1. What is the highest common divisor of 25 and k?
5
Suppose 0*k - 8*k + 136 = 0. Let q = -49 + 132. Suppose -d + q = k. Calculate the greatest common divisor of d and 6.
6
Let l(m) = -16*m + 28. Let y be l(-19). Let b = y - 236. Calculate the greatest common divisor of b and 24.
24
Suppose -7*y = o - 3*y - 18, 5*y - 3 = 2*o. Suppose 0 = o*s - 352 - 26. What is the highest common factor of s and 9?
9
Let z(k) = -3*k**2 - 2*k - 2. Let o be z(-2). Let u be 66/(-2 + (-24)/o). Calculate the greatest common divisor of u and 15.
15
Let n be 19/(-114) + 338/12. Calculate the greatest common divisor of n and 92.
4
Suppose 0 = -t - 2, -2*a = 2*t + t + 20. Let g(c) = c**3 + 8*c**2 + 5*c + 3. Let u be g(a). Calculate the greatest common divisor of 153 and u.
17
Let t(i) = -i**3 + 7*i**2 + 8*i + 10. Let c be t(7). Suppose -5*j = -2*z + 38, -6*j - c = -4*z - j. What is the greatest common factor of 4 and z?
2
Let o be (-6)/15 - (-1060)/25. What is the highest common factor of 70 and o?
14
Let q be 1*-11*(13 - 11 - 3). Calculate the greatest common divisor of 33 and q.
11
Let z(p) = -p**3 + 18*p**2 + 22*p - 39. Let v be z(19). Let i be (-530)/(-45) - 2/(-9). What is the highest common factor of v and i?
6
Suppose -188 = -2*f - 38. What is the greatest common factor of 120 and f?
15
Let f = 2712 + -2602. Calculate the greatest common divisor of 40 and f.
10
Let x(f) = -7*f - 3. Let n be x(-5). Let p be (2 + 10)*(-3)/6. Let d be ((-16)/6)/2*18/p. Calculate the highest common divisor of d and n.
4
Let r(n) = -7*n - 39. Let g be r(-7). Suppose 220 = 4*m - 60. Calculate the greatest common divisor of m and g.
10
Suppose -5*z + 5*b = -10, 9*z + 2*b = 4*z - 25. Let k be z - ((-8)/4 + 1). Let u be ((-6)/k)/(3/5). Calculate the greatest common factor of 45 and u.
5
Suppose -79 = -18*p + 137. Suppose -4*m = -2*k + 17 - 129, 0 = -3*k + p. What is the greatest common factor of m and 210?
30
Let t = -3 - -4. Let f(n) = -10*n + 5. Let a be f(2). Let z be (-2)/3*a/10. Calculate the highest common divisor of z and t.
1
Let r = 24 + -18. Let w = 3 - 5. Let c = r + w. Calculate the highest common divisor of c and 4.
4
Let y(c) = 9*c - 122. Let o be y(19). Calculate the highest common divisor of 7 and o.
7
Let t(o) = o**3 - 4*o**2 - 7*o + 1. Let f be t(6). Suppose 2*q + 29 = -5*a - 30, -q + 3*a = 2. Let g = q + f. What is the highest common divisor of 98 and g?
14
Suppose -7*x = -81 - 199. Let p be ((-8)/(-20))/(1/40). What is the highest common divisor of x and p?
8
Let r be (2 - -8)*(-9)/(-5). Calculate the highest common divisor of 180 and r.
18
Suppose -2*k + 0*k + 3 = -t, 3 = 5*t - 4*k. Let c(n) = -n + 3. Let r be c(t). Suppose r*h = -h + 28. What is the greatest common divisor of h and 14?
14
Suppose -k + 232 = 17. What is the greatest common divisor of 86 and k?
43
Suppose -2*q - 4*n = -538, -89*n + 87*n = 5*q - 1313. What is the highest common factor of q and 9?
9
Let w(h) = 6*h**3 - h. Let t be w(1). Suppose 5*q - 3*s + 7*s = 139, -3*q - t*s = -86. Calculate the highest common factor of 135 and q.
27
Let g = 146 + -116. Calculate the greatest common factor of 75 and g.
15
Let m be (-4020)/(-168) - 5/(-70). What is the greatest common divisor of m and 3?
3
Let a = 9 - 2. Let q = 4 + a. What is the highest common factor of q and 11?
11
Let l be 2/4*(-66)/11. Let q be 0/(9/l) + 0. Let h = 1 + q. What is the greatest common factor of 11 and h?
1
Let s(y) be the first derivative of y**3/3 - 3*y**2/2 + 7*y + 6. Let k be s(4). What is the highest common factor of k and 11?
11
Let u be 12/2*(-32)/(-6). Let q(r) = -r**3 + 4*r**2 - 5*r + 11. Let z be q(3). Suppose -u = -z*d + 18. What is the greatest common factor of 15 and d?
5
Let l = -2131 - -997. Let q be ((-2)/(-3))/((-7)/l). What is the greatest common divisor of 27 and q?
27
Let l = -319 + 498. Let q = l + -84. What is the greatest common divisor of q and 19?
19
Let b be 8 + -14 + (-2)/1. Let p be 9 - (b + 2)/(-2). What is the greatest common divisor of p and 2?
2
Suppose -5*f - 75 = -90. Suppose -4 = -4*h, 4*v = -0*v - f*h + 403. Let s be (-1 - 0) + 23 + -2. Calculate the greatest common divisor of v and s.
20
Let w = 465 + -417. Suppose 2 = -3*u + 38. Calculate the greatest common divisor of w and u.
12
Let f be -28*(3/(-30) - (-14)/(-35)). What is the greatest common divisor of 49 and f?
7
Suppose -4*i - 45828 = -42*i. What is the highest common factor of i and 18?
18
Suppose 2*z - 1622 = 380. Calculate the greatest common divisor of 308 and z.
77
Suppose 5*d = 2*d + 576. Suppose 0 = 19*x - 6*x - 39. Suppose x*o - 486 = -414. Calculate the greatest common divisor of d and o.
24
Let i = -2 - 28. Let x = 54 + i. Suppose -6*d = -3*d + 4*m - 46, -2*d + x = m. What is the greatest common divisor of 30 and d?
10
Suppose 0*g + 5*g - 557 = -b, 4 = 2*b. What is the greatest common factor of 185 and g?
37
Let x be 1/2 + 2165/10. Suppose 6*z = 2*z + 124. Calculate the greatest common factor of z and x.
31
Let u be 429/(-9)*-3*11. What is the highest common factor of 13